-18)).
2, 3
Let h be (-2)/4*(-9 - 1). Let t be 2*3 + (-312)/(-2). Suppose -6*w + h*w + t = 0. List the prime factors of w.
2, 3
Let a(z) = 2*z**3 - 22*z**2 - 3*z + 322. What are the prime factors of a(17)?
3739
Suppose -29*s + 27*s = 0. Suppose s = -a + 1345 - 280. What are the prime factors of a?
3, 5, 71
Let l = -3018 - -6645. Suppose -l = -7*g - 6*g. What are the prime factors of g?
3, 31
Let r(a) = a**3 - 15*a**2 - 39*a + 53. Let c be r(27). List the prime factors of 1/2*c/26.
149
Suppose 0*o - o = -4*p + 144, 3*p = 5*o + 108. Let j = p + -38. Let t(m) = 24*m**2 - 3. What are the prime factors of t(j)?
3, 31
Let y(d) = 3*d**2 + d + 30. Let c be y(-7). Let p = 10 + -6. Suppose -p*u = u - c. List the prime factors of u.
2, 17
Let j be (-2 + 11)*1992/108. Let p = -402 - -590. Suppose -p - j = -3*b. List the prime factors of b.
2, 59
Suppose t + 33*x = 38*x + 42963, -5*x = -2*t + 85911. List the prime factors of t.
2, 3, 1193
Let b(t) = t**3 - 8*t**2 - 9*t - 1. Let f be b(9). Let i(h) = -245*h + 22. What are the prime factors of i(f)?
3, 89
Suppose 5*a + o + 0*o - 23 = 0, -15 = -3*a - o. Suppose a*n = 211 + 177. List the prime factors of n.
97
Suppose 4*v + 4065 = 7*v. Suppose 6*u - 13 = v. List the prime factors of u.
2, 3, 19
Suppose -24 = -4*s - 0*s. Suppose -s*t = -t. Suppose t = 5*g + 2*v - 20, 0*v + 5*v = -g + 4. What are the prime factors of g?
2
Let o(m) = 2*m**3 + 58*m**2 - 11*m + 61. List the prime factors of o(-12).
7, 727
Let z be 163 - (4/(-4) + 7 + -3). Suppose 2*x - z - 252 = 0. Let l = -66 + x. List the prime factors of l.
2, 5, 7
Suppose -19*o + 21*o + 16082 = 2*v, 3*o = -5*v + 40149. What are the prime factors of v?
2, 3, 13, 103
Suppose -109*i = -169*i + 228000. What are the prime factors of i?
2, 5, 19
Let c = -28 + 30. Suppose -4*b - c*b = -12. Suppose 0*r = -4*t - 4*r + 200, -b*r = 4*t - 200. What are the prime factors of t?
2, 5
Let c be 0/(-20 + 9 + 5). Suppose -3*u + r = -2772, c = -5*u + 4*r - 2*r + 4620. What are the prime factors of u?
2, 3, 7, 11
Let i(y) = 3*y**3 - 34*y**2 + 10*y + 315. List the prime factors of i(21).
2, 3, 7, 317
Suppose 0 = -14*b + 16*b - 1356. Let i = 1186 - b. List the prime factors of i.
2, 127
List the prime factors of (12/(-10))/(78/(-1058330)) - -5.
3, 61, 89
Let a(k) = 5*k + 6. Let h be a(-2). Let q be -3*8/6*-3. List the prime factors of 1436/q + h/6.
7, 17
Let t(w) = 3*w + 3. Let q be t(-1). Suppose q = a + 8*a + 18. Let n(v) = 22*v**2 + 2*v + 2. What are the prime factors of n(a)?
2, 43
Let b(k) = k**2 - 2 - 12*k - 14*k + 35*k. Let c be b(7). Let w = 186 - c. List the prime factors of w.
2, 19
Let c(o) = o**3 + 16*o**2 - 13*o - 64. Let p(d) = d**2 - 15. Let z be p(0). List the prime factors of c(z).
2, 89
Suppose -4*k + 21161 - 6069 = 0. Suppose 0 = 6*a - 3*a - i - k, -5*a + 2*i = -6287. What are the prime factors of a?
1259
Suppose -23*t + 25*t - 14034 = 0. List the prime factors of t.
3, 2339
Suppose -6*k + 398 = 104. Let n = 52 - k. Suppose 4*i = n*v + 8*i - 577, 0 = -i + 1. What are the prime factors of v?
191
Suppose 0 = -4*r + 3*r + 270. What are the prime factors of (-20824)/(-18) - (-30)/r?
13, 89
Let f(i) = 3*i**2 - 12*i - 5. Suppose -q + 164 = 3*r - 6*r, 54 = -r + q. Let x = 63 + r. List the prime factors of f(x).
7, 13
Suppose 5*f + 55 = -0*f + 5*y, 4*f + 5*y + 53 = 0. Let k be 1*4*(-9)/f. Suppose 0 = k*r + 39 - 132. What are the prime factors of r?
31
Let j(t) = 15*t + 20. Let g be j(-1). What are the prime factors of g*347/5 + -2?
3, 5, 23
Let b = 107 - 15. Let g(y) = y**2 - 23*y - 39. Let v be g(22). Let c = v + b. List the prime factors of c.
31
Suppose 0 = -5*n + 3*c - 5, -2*n = -0*n - 4*c + 2. List the prime factors of 0 - (-76 - (n - -3)).
2, 3, 13
Let y(l) = -9267*l + 10686. What are the prime factors of y(-4)?
2, 3, 7, 379
Let x(s) = -117*s - 6. Let t(q) = -39*q - 2. Let w(l) = 7*t(l) - 2*x(l). What are the prime factors of w(-8)?
2, 5, 31
Suppose -5*r = -l + 6685, -5*l = -8*l + 4*r + 20121. What are the prime factors of l?
5, 17, 79
Suppose -2*u = -u - 6. Suppose u*t = t - 25, -4*d = 5*t + 25. Suppose 4*l - 2*y - y - 357 = d, -5*l + 429 = 2*y. What are the prime factors of l?
3, 29
What are the prime factors of (62/(-713) - (-1188366)/23)*1?
2, 12917
Let x(z) = z**3 - z**2 + 2*z + 3. Let p be x(0). Suppose 4*b = 3*y + 629, -b - 4*y + 636 = p*b. What are the prime factors of b?
2, 79
Let i(d) = 2*d + 39. Let v be i(-18). Suppose 3*x - x = -8, v*f - 28 = x. Suppose f*t = 12*t - 268. List the prime factors of t.
67
Suppose 4*w = 2*f, 4*w + 4 = -3*f + 14. Let u be (-135)/(f - (-7)/(-2)). Suppose 0 = -2*n + u + 72. List the prime factors of n.
3
Suppose -15*x + 24 = -13*x. Let z be (-92)/24 - -4 - 2/x. Suppose 5*n - 2*n - 4*t - 109 = z, -4*n = t - 120. List the prime factors of n.
31
Let u(q) = -q**3 + 23*q**2 - 13*q + 48. Let y be u(18). Let j = -591 + y. What are the prime factors of j?
3, 281
Let d = -5 + 10. Let y be (-2 - 31*1/(-1))*d. Suppose -f + 3*z + 25 = 0, -4*f - 5*z = f - y. List the prime factors of f.
2, 7
Suppose 473365 = 24*j - 89*j + 1411705. What are the prime factors of j?
2, 3, 401
Let h(z) = 358*z**2 - 880*z + 2. What are the prime factors of h(-12)?
2, 13, 2389
Let x be 4*-15*(-2)/(-5). Let u(g) be the second derivative of -g**5/20 - 25*g**4/12 - 5*g**3 - 11*g**2 - 4*g + 8. What are the prime factors of u(x)?
2, 61
Let i(u) = 47*u**3 - 3*u**2 + 3*u - 2. Let g(k) = -k**2 - 3*k - 1. Let x be g(-2). Let w be i(x). List the prime factors of 20/40*(w + 1).
23
Let h(z) = 198*z + 15. Let f be h(3). Let v = -140 + f. What are the prime factors of v?
7, 67
Let a = 357 - 355. Suppose a*z - 226 = 710. What are the prime factors of z?
2, 3, 13
Let y be ((-214)/4 - -8)*22. Let o = -377 - y. What are the prime factors of o?
2, 3, 13
Suppose -208*p + 114*p = -111*p + 289119. What are the prime factors of p?
3, 5669
Let g = -48 - -52. Suppose 3*d - g = 2*d. Let c(a) = a**2 - a - 3. What are the prime factors of c(d)?
3
Suppose -5806 = -u - 4*o, 2*u + 15*o = 13*o + 11642. List the prime factors of u.
2, 3, 971
Suppose -2*a - 38*a = 36*a - 3882460. List the prime factors of a.
5, 17, 601
Let w(i) = 3*i**2 - 28*i - 154. Let r be w(-5). Suppose -80*c = -r*c - 5852. What are the prime factors of c?
2, 7, 11
Let j = 1 + 0. Let r be 28 + ((-10)/4)/((-5)/(-12)). Let n = j + r. List the prime factors of n.
23
Let a(b) = 6*b**2 - 4*b - 11. Let u be 3 - (35/(-1))/5. List the prime factors of a(u).
3, 61
Let z(r) = -12*r - 80. Let t be z(-6). Let h = -3 + 2. What are the prime factors of 14*64/t*h/2?
2, 7
Let t(y) = 140*y + 2. Let u be t(-8). Let s = -708 - u. List the prime factors of 2/(1240/s + 1*-3).
2, 41
What are the prime factors of (-2 - 6160/18)/(150/(-225))*3?
1549
Suppose -14*l + 134017 = 29227. List the prime factors of l.
3, 5, 499
Suppose -2*h - 3*o = -0*h - 42, o = -4. Suppose -216 = -w + h. What are the prime factors of w?
3
Let d = 1383 + 83. Suppose -p - 1180 = -4*t - 2*p, -5*t + p = -d. List the prime factors of t.
2, 3, 7
Suppose -2*m = -5*a + 3888, 3*a - 5*m = 2160 + 150. What are the prime factors of a?
2, 3, 5, 13
Let b(h) = -3049*h - 122. What are the prime factors of b(-1)?
2927
Let x be 894/4 + (-1)/(-2). Suppose 156 = 11*k + 123. List the prime factors of (k/6)/(((-5)/x)/(-5)).
2, 7
Let m be -1*12/(10/((-3800)/3)). Let n = -330 + m. What are the prime factors of n?
2, 5, 7, 17
Suppose 2688 - 6 = 3*b. Let v = b + -72. List the prime factors of v.
2, 3, 137
Suppose -3*u = 2*u. Suppose o - d = -u*d + 16, -5*d = -2*o + 35. What are the prime factors of 168 - o/10*(-2)/3?
13
Suppose 0 = -3*o + 140 + 1180. Suppose -a = a - o. Suppose 3*u + u = a. List the prime factors of u.
5, 11
Suppose -1575 = -37*z + 82*z. Let x(k) = -2*k**3 - 68*k**2 + 61*k + 28. What are the prime factors of x(z)?
7
Let o(f) = -5*f**3 - 5*f**2 + 21*f + 20. Let t(r) = 14*r**3 + 15*r**2 - 62*r - 59. Let m(y) = -17*o(y) - 6*t(y). List the prime factors of m(7).
7, 31
Suppose 4*p = -80 + 440. Suppose 5*h - 15 = p. Let n = -6 + h. What are the prime factors of n?
3, 5
Let y = -167 - -173. Suppose -2*r + 1039 = 3*z, -2*r = -y*r + 2*z + 2118. List the prime factors of r.
17, 31
Suppose 41*o - 276373 + 104296 = 0. What are the prime factors of o?
3, 1399
Suppose m + 4*m = 5*i - 1105, 